Last updated on 2022-09-11 12:56:18 CEST.
Flavor | Version | Tinstall | Tcheck | Ttotal | Status | Flags |
---|---|---|---|---|---|---|
r-devel-linux-x86_64-debian-clang | 1.0.4 | 14.65 | 81.60 | 96.25 | NOTE | |
r-devel-linux-x86_64-debian-gcc | 1.0.4 | 10.23 | 62.00 | 72.23 | NOTE | |
r-devel-linux-x86_64-fedora-clang | 1.0.4 | 124.96 | NOTE | |||
r-devel-linux-x86_64-fedora-gcc | 1.0.4 | 122.52 | NOTE | |||
r-devel-windows-x86_64 | 1.0.4 | 25.00 | 89.00 | 114.00 | NOTE | |
r-patched-linux-x86_64 | 1.0.4 | 12.58 | 77.03 | 89.61 | NOTE | |
r-release-linux-x86_64 | 1.0.4 | 11.74 | 79.94 | 91.68 | NOTE | |
r-release-macos-arm64 | 1.0.4 | 34.00 | NOTE | |||
r-release-macos-x86_64 | 1.0.4 | 48.00 | NOTE | |||
r-release-windows-x86_64 | 1.0.4 | 16.00 | 100.00 | 116.00 | NOTE | |
r-oldrel-macos-arm64 | 1.0.4 | 38.00 | NOTE | |||
r-oldrel-macos-x86_64 | 1.0.4 | 51.00 | NOTE | |||
r-oldrel-windows-ix86+x86_64 | 1.0.4 | 24.00 | 101.00 | 125.00 | NOTE |
Version: 1.0.4
Check: LazyData
Result: NOTE
'LazyData' is specified without a 'data' directory
Flavors: r-devel-linux-x86_64-debian-clang, r-devel-linux-x86_64-debian-gcc, r-devel-linux-x86_64-fedora-clang, r-devel-linux-x86_64-fedora-gcc, r-devel-windows-x86_64, r-patched-linux-x86_64, r-release-linux-x86_64, r-release-macos-arm64, r-release-macos-x86_64, r-release-windows-x86_64, r-oldrel-macos-arm64, r-oldrel-macos-x86_64, r-oldrel-windows-ix86+x86_64