Last updated on 2022-09-11 12:56:19 CEST.
Flavor | Version | Tinstall | Tcheck | Ttotal | Status | Flags |
---|---|---|---|---|---|---|
r-devel-linux-x86_64-debian-clang | 1.2.2 | 10.15 | 159.58 | 169.73 | OK | |
r-devel-linux-x86_64-debian-gcc | 1.2.2 | 7.70 | 112.56 | 120.26 | OK | |
r-devel-linux-x86_64-fedora-clang | 1.2.2 | 200.25 | NOTE | |||
r-devel-linux-x86_64-fedora-gcc | 1.2.2 | 209.08 | NOTE | |||
r-devel-windows-x86_64 | 1.2.2 | 33.00 | 212.00 | 245.00 | NOTE | |
r-patched-linux-x86_64 | 1.2.2 | 13.67 | 143.80 | 157.47 | OK | |
r-release-linux-x86_64 | 1.2.2 | 9.55 | 146.13 | 155.68 | OK | |
r-release-macos-arm64 | 1.2.2 | 57.00 | NOTE | |||
r-release-macos-x86_64 | 1.2.2 | 113.00 | NOTE | |||
r-release-windows-x86_64 | 1.2.2 | 45.00 | 205.00 | 250.00 | NOTE | |
r-oldrel-macos-arm64 | 1.2.2 | 87.00 | NOTE | |||
r-oldrel-macos-x86_64 | 1.2.2 | 78.00 | NOTE | |||
r-oldrel-windows-ix86+x86_64 | 1.2.2 | 23.00 | 192.00 | 215.00 | NOTE |
Version: 1.2.2
Check: installed package size
Result: NOTE
installed size is 8.2Mb
sub-directories of 1Mb or more:
HaDeX 4.1Mb
doc 4.0Mb
Flavors: r-devel-linux-x86_64-fedora-clang, r-devel-windows-x86_64, r-release-macos-arm64, r-release-macos-x86_64, r-release-windows-x86_64, r-oldrel-macos-arm64, r-oldrel-macos-x86_64, r-oldrel-windows-ix86+x86_64
Version: 1.2.2
Check: dependencies in R code
Result: NOTE
Namespaces in Imports field not imported from:
‘DT’ ‘gsubfn’ ‘stringr’
All declared Imports should be used.
Flavors: r-devel-linux-x86_64-fedora-clang, r-devel-linux-x86_64-fedora-gcc, r-release-macos-arm64, r-release-macos-x86_64, r-oldrel-macos-arm64, r-oldrel-macos-x86_64