Last updated on 2022-09-11 12:56:27 CEST.
Flavor | Version | Tinstall | Tcheck | Ttotal | Status | Flags |
---|---|---|---|---|---|---|
r-devel-linux-x86_64-debian-clang | 1.0.20 | 2.37 | 22.62 | 24.99 | OK | |
r-devel-linux-x86_64-debian-gcc | 1.0.20 | 2.21 | 17.94 | 20.15 | OK | |
r-devel-linux-x86_64-fedora-clang | 1.0.20 | 42.40 | NOTE | |||
r-devel-linux-x86_64-fedora-gcc | 1.0.20 | 42.00 | OK | |||
r-devel-windows-x86_64 | 1.0.20 | 53.00 | 50.00 | 103.00 | ERROR | |
r-patched-linux-x86_64 | 1.0.20 | 2.52 | 21.69 | 24.21 | OK | |
r-release-linux-x86_64 | 1.0.20 | 2.38 | 22.13 | 24.51 | OK | |
r-release-macos-arm64 | 1.0.20 | 20.00 | NOTE | |||
r-release-macos-x86_64 | 1.0.20 | 27.00 | NOTE | |||
r-release-windows-x86_64 | 1.0.20 | 52.00 | 7.00 | 59.00 | ERROR | |
r-oldrel-macos-arm64 | 1.0.20 | 26.00 | NOTE | |||
r-oldrel-macos-x86_64 | 1.0.20 | 24.00 | NOTE | |||
r-oldrel-windows-ix86+x86_64 | 1.0.20 | 10.00 | 47.00 | 57.00 | NOTE |
Version: 1.0.20
Check: installed package size
Result: NOTE
installed size is 23.9Mb
sub-directories of 1Mb or more:
exe 23.8Mb
Flavors: r-devel-linux-x86_64-fedora-clang, r-release-macos-arm64, r-release-macos-x86_64, r-oldrel-macos-arm64, r-oldrel-macos-x86_64, r-oldrel-windows-ix86+x86_64
Version: 1.0.20
Check: whether package can be installed
Result: ERROR
Installation failed.
Flavors: r-devel-windows-x86_64, r-release-windows-x86_64