Last updated on 2022-09-11 12:56:12 CEST.
Flavor | Version | Tinstall | Tcheck | Ttotal | Status | Flags |
---|---|---|---|---|---|---|
r-devel-linux-x86_64-debian-clang | 0.3.0 | 12.69 | 115.92 | 128.61 | NOTE | |
r-devel-linux-x86_64-debian-gcc | 0.3.0 | 10.66 | 83.29 | 93.95 | NOTE | |
r-devel-linux-x86_64-fedora-clang | 0.3.0 | 170.33 | NOTE | |||
r-devel-linux-x86_64-fedora-gcc | 0.3.0 | 165.70 | NOTE | |||
r-devel-windows-x86_64 | 0.3.0 | 25.00 | 140.00 | 165.00 | NOTE | |
r-patched-linux-x86_64 | 0.3.0 | 14.92 | 108.04 | 122.96 | NOTE | |
r-release-linux-x86_64 | 0.3.0 | 12.29 | 107.53 | 119.82 | NOTE | |
r-release-macos-arm64 | 0.3.0 | 44.00 | NOTE | |||
r-release-macos-x86_64 | 0.3.0 | 70.00 | NOTE | |||
r-release-windows-x86_64 | 0.3.0 | 23.00 | 131.00 | 154.00 | NOTE | |
r-oldrel-macos-arm64 | 0.3.0 | 52.00 | NOTE | |||
r-oldrel-macos-x86_64 | 0.3.0 | 81.00 | NOTE | |||
r-oldrel-windows-ix86+x86_64 | 0.3.0 | 36.00 | 147.00 | 183.00 | NOTE |
Version: 0.3.0
Check: LazyData
Result: NOTE
'LazyData' is specified without a 'data' directory
Flavors: r-devel-linux-x86_64-debian-clang, r-devel-linux-x86_64-debian-gcc, r-devel-linux-x86_64-fedora-clang, r-devel-linux-x86_64-fedora-gcc, r-devel-windows-x86_64, r-patched-linux-x86_64, r-release-linux-x86_64, r-release-macos-arm64, r-release-macos-x86_64, r-release-windows-x86_64, r-oldrel-macos-arm64, r-oldrel-macos-x86_64, r-oldrel-windows-ix86+x86_64