Last updated on 2022-09-11 12:56:19 CEST.
Flavor | Version | Tinstall | Tcheck | Ttotal | Status | Flags |
---|---|---|---|---|---|---|
r-devel-linux-x86_64-debian-clang | 1.1.0 | 3.31 | 444.78 | 448.09 | OK | |
r-devel-linux-x86_64-debian-gcc | 1.1.0 | 3.54 | 368.65 | 372.19 | OK | |
r-devel-linux-x86_64-fedora-clang | 1.1.0 | 568.23 | NOTE | |||
r-devel-linux-x86_64-fedora-gcc | 1.1.0 | 559.92 | NOTE | |||
r-devel-windows-x86_64 | 1.1.0 | 13.00 | 489.00 | 502.00 | OK | |
r-patched-linux-x86_64 | 1.1.0 | 6.22 | 278.87 | 285.09 | OK | |
r-release-linux-x86_64 | 1.1.0 | 3.81 | 268.49 | 272.30 | OK | |
r-release-macos-arm64 | 1.1.0 | 148.00 | NOTE | |||
r-release-macos-x86_64 | 1.1.0 | 177.00 | NOTE | |||
r-release-windows-x86_64 | 1.1.0 | 21.00 | 319.00 | 340.00 | OK | |
r-oldrel-macos-arm64 | 1.1.0 | 176.00 | NOTE | |||
r-oldrel-macos-x86_64 | 1.1.0 | 267.00 | NOTE | |||
r-oldrel-windows-ix86+x86_64 | 1.1.0 | 10.00 | 345.00 | 355.00 | OK |
Version: 1.1.0
Check: dependencies in R code
Result: NOTE
Namespace in Imports field not imported from: ‘msm’
All declared Imports should be used.
Flavors: r-devel-linux-x86_64-fedora-clang, r-devel-linux-x86_64-fedora-gcc, r-release-macos-arm64, r-release-macos-x86_64, r-oldrel-macos-arm64, r-oldrel-macos-x86_64