Last updated on 2022-09-11 12:56:21 CEST.
Flavor | Version | Tinstall | Tcheck | Ttotal | Status | Flags |
---|---|---|---|---|---|---|
r-devel-linux-x86_64-debian-clang | 0.2.1 | 2.39 | 45.50 | 47.89 | OK | |
r-devel-linux-x86_64-debian-gcc | 0.2.1 | 1.58 | 34.11 | 35.69 | OK | |
r-devel-linux-x86_64-fedora-clang | 0.2.1 | 66.10 | NOTE | |||
r-devel-linux-x86_64-fedora-gcc | 0.2.1 | 66.01 | NOTE | |||
r-devel-windows-x86_64 | 0.2.1 | 9.00 | 69.00 | 78.00 | OK | |
r-patched-linux-x86_64 | 0.2.1 | 2.02 | 43.08 | 45.10 | OK | |
r-release-linux-x86_64 | 0.2.1 | 2.38 | 42.01 | 44.39 | OK | |
r-release-macos-arm64 | 0.2.1 | 21.00 | NOTE | |||
r-release-macos-x86_64 | 0.2.1 | 28.00 | NOTE | |||
r-release-windows-x86_64 | 0.2.1 | 12.00 | 70.00 | 82.00 | OK | |
r-oldrel-macos-arm64 | 0.2.1 | 18.00 | NOTE | |||
r-oldrel-macos-x86_64 | 0.2.1 | 30.00 | NOTE | |||
r-oldrel-windows-ix86+x86_64 | 0.2.1 | 6.00 | 66.00 | 72.00 | OK |
Version: 0.2.1
Check: dependencies in R code
Result: NOTE
Namespaces in Imports field not imported from:
‘ncdf4’ ‘raster’
All declared Imports should be used.
Flavors: r-devel-linux-x86_64-fedora-clang, r-devel-linux-x86_64-fedora-gcc, r-release-macos-arm64, r-release-macos-x86_64, r-oldrel-macos-arm64, r-oldrel-macos-x86_64