Last updated on 2022-09-11 12:56:23 CEST.
Flavor | Version | Tinstall | Tcheck | Ttotal | Status | Flags |
---|---|---|---|---|---|---|
r-devel-linux-x86_64-debian-clang | 0.5-2 | 10.99 | 76.92 | 87.91 | NOTE | |
r-devel-linux-x86_64-debian-gcc | 0.5-2 | 8.34 | 58.21 | 66.55 | NOTE | |
r-devel-linux-x86_64-fedora-clang | 0.5-2 | 118.89 | NOTE | |||
r-devel-linux-x86_64-fedora-gcc | 0.5-2 | 115.07 | NOTE | |||
r-devel-windows-x86_64 | 0.5-2 | 30.00 | 104.00 | 134.00 | NOTE | |
r-patched-linux-x86_64 | 0.5-2 | 13.26 | 82.95 | 96.21 | NOTE | |
r-release-linux-x86_64 | 0.5-2 | 12.34 | 82.62 | 94.96 | NOTE | |
r-release-windows-x86_64 | 0.5-2 | 29.00 | 123.00 | 152.00 | NOTE | |
r-oldrel-windows-ix86+x86_64 | 0.5-2 | 32.00 | 140.00 | 172.00 | NOTE |
Version: 0.5-2
Check: LazyData
Result: NOTE
'LazyData' is specified without a 'data' directory
Flavors: r-devel-linux-x86_64-debian-clang, r-devel-linux-x86_64-debian-gcc, r-devel-linux-x86_64-fedora-clang, r-devel-linux-x86_64-fedora-gcc, r-devel-windows-x86_64, r-patched-linux-x86_64, r-release-linux-x86_64, r-release-windows-x86_64, r-oldrel-windows-ix86+x86_64