Last updated on 2022-09-11 12:56:30 CEST.
Flavor | Version | Tinstall | Tcheck | Ttotal | Status | Flags |
---|---|---|---|---|---|---|
r-devel-linux-x86_64-debian-clang | 3.4-0 | 67.35 | 625.46 | 692.81 | OK | |
r-devel-linux-x86_64-debian-gcc | 3.4-0 | 60.00 | 466.26 | 526.26 | OK | |
r-devel-linux-x86_64-fedora-clang | 3.4-0 | 851.66 | NOTE | |||
r-devel-linux-x86_64-fedora-gcc | 3.4-0 | 848.21 | OK | |||
r-devel-windows-x86_64 | 3.4-0 | 273.00 | 656.00 | 929.00 | NOTE | |
r-patched-linux-x86_64 | 3.4-0 | 62.50 | 599.59 | 662.09 | OK | |
r-release-linux-x86_64 | 3.4-0 | 69.17 | 599.08 | 668.25 | OK | |
r-release-macos-arm64 | 3.4-0 | 267.00 | NOTE | |||
r-release-macos-x86_64 | 3.4-0 | 389.00 | NOTE | |||
r-release-windows-x86_64 | 3.4-0 | 250.00 | 771.00 | 1021.00 | NOTE | |
r-oldrel-macos-arm64 | 3.4-0 | 250.00 | NOTE | |||
r-oldrel-macos-x86_64 | 3.4-0 | 386.00 | NOTE | |||
r-oldrel-windows-ix86+x86_64 | 3.4-0 | 2.00 | 18.00 | 20.00 | ERROR |
Version: 3.4-0
Check: installed package size
Result: NOTE
installed size is 7.5Mb
sub-directories of 1Mb or more:
R 1.2Mb
data 1.9Mb
doc 3.4Mb
Flavors: r-devel-linux-x86_64-fedora-clang, r-devel-windows-x86_64, r-release-macos-arm64, r-release-macos-x86_64, r-release-windows-x86_64, r-oldrel-macos-arm64, r-oldrel-macos-x86_64
Version: 3.4-0
Check: whether package can be installed
Result: ERROR
Installation failed.
Flavor: r-oldrel-windows-ix86+x86_64