Last updated on 2022-09-11 12:56:16 CEST.
Flavor | Version | Tinstall | Tcheck | Ttotal | Status | Flags |
---|---|---|---|---|---|---|
r-devel-linux-x86_64-debian-clang | 2.6.7 | 2.34 | 28.56 | 30.90 | NOTE | |
r-devel-linux-x86_64-debian-gcc | 2.6.7 | 1.80 | 22.34 | 24.14 | NOTE | |
r-devel-linux-x86_64-fedora-clang | 2.6.7 | 47.07 | NOTE | |||
r-devel-linux-x86_64-fedora-gcc | 2.6.7 | 48.33 | NOTE | |||
r-devel-windows-x86_64 | 2.6.7 | 9.00 | 53.00 | 62.00 | NOTE | |
r-patched-linux-x86_64 | 2.6.7 | 2.39 | 27.74 | 30.13 | NOTE | |
r-release-linux-x86_64 | 2.6.7 | 2.13 | 27.39 | 29.52 | NOTE | |
r-release-macos-arm64 | 2.6.7 | 16.00 | NOTE | |||
r-release-macos-x86_64 | 2.6.7 | 24.00 | NOTE | |||
r-release-windows-x86_64 | 2.6.7 | 6.00 | 54.00 | 60.00 | NOTE | |
r-oldrel-macos-arm64 | 2.6.7 | 19.00 | NOTE | |||
r-oldrel-macos-x86_64 | 2.6.7 | 29.00 | NOTE | |||
r-oldrel-windows-ix86+x86_64 | 2.6.7 | 7.00 | 44.00 | 51.00 | NOTE |
Version: 2.6.7
Check: LazyData
Result: NOTE
'LazyData' is specified without a 'data' directory
Flavors: r-devel-linux-x86_64-debian-clang, r-devel-linux-x86_64-debian-gcc, r-devel-linux-x86_64-fedora-clang, r-devel-linux-x86_64-fedora-gcc, r-devel-windows-x86_64, r-patched-linux-x86_64, r-release-linux-x86_64, r-release-macos-arm64, r-release-macos-x86_64, r-release-windows-x86_64, r-oldrel-macos-arm64, r-oldrel-macos-x86_64, r-oldrel-windows-ix86+x86_64