Last updated on 2022-09-11 12:56:23 CEST.
Flavor | Version | Tinstall | Tcheck | Ttotal | Status | Flags |
---|---|---|---|---|---|---|
r-devel-linux-x86_64-debian-clang | 0.1-4 | 24.08 | 42.08 | 66.16 | WARN | |
r-devel-linux-x86_64-debian-gcc | 0.1-4 | 21.47 | 33.43 | 54.90 | OK | |
r-devel-linux-x86_64-fedora-clang | 0.1-4 | 100.53 | WARN | |||
r-devel-linux-x86_64-fedora-gcc | 0.1-4 | 95.96 | OK | |||
r-devel-windows-x86_64 | 0.1-4 | 48.00 | 102.00 | 150.00 | OK | |
r-patched-linux-x86_64 | 0.1-4 | 22.03 | 41.54 | 63.57 | OK | |
r-release-linux-x86_64 | 0.1-4 | 25.75 | 41.46 | 67.21 | OK | |
r-release-macos-arm64 | 0.1-4 | 30.00 | OK | |||
r-release-macos-x86_64 | 0.1-4 | 42.00 | OK | |||
r-release-windows-x86_64 | 0.1-4 | 167.00 | 108.00 | 275.00 | OK | |
r-oldrel-macos-arm64 | 0.1-4 | 40.00 | OK | |||
r-oldrel-macos-x86_64 | 0.1-4 | 36.00 | OK | |||
r-oldrel-windows-ix86+x86_64 | 0.1-4 | 64.00 | 95.00 | 159.00 | OK |
Version: 0.1-4
Check: whether package can be installed
Result: WARN
Found the following significant warnings:
mpboost.cpp:88:9: warning: use of bitwise '&' with boolean operands [-Wbitwise-instead-of-logical]
Flavors: r-devel-linux-x86_64-debian-clang, r-devel-linux-x86_64-fedora-clang