Last updated on 2022-09-11 12:56:27 CEST.
Flavor | Version | Tinstall | Tcheck | Ttotal | Status | Flags |
---|---|---|---|---|---|---|
r-devel-linux-x86_64-debian-clang | 1.0 | 2.38 | 31.53 | 33.91 | NOTE | |
r-devel-linux-x86_64-debian-gcc | 1.0 | 2.05 | 24.83 | 26.88 | NOTE | |
r-devel-linux-x86_64-fedora-clang | 1.0 | 51.99 | NOTE | |||
r-devel-linux-x86_64-fedora-gcc | 1.0 | 51.66 | NOTE | |||
r-devel-windows-x86_64 | 1.0 | 9.00 | 64.00 | 73.00 | OK | |
r-patched-linux-x86_64 | 1.0 | 3.14 | 30.52 | 33.66 | NOTE | |
r-release-linux-x86_64 | 1.0 | 2.22 | 31.48 | 33.70 | NOTE | |
r-release-macos-arm64 | 1.0 | 17.00 | OK | |||
r-release-macos-x86_64 | 1.0 | 25.00 | OK | |||
r-release-windows-x86_64 | 1.0 | 6.00 | 59.00 | 65.00 | OK | |
r-oldrel-macos-arm64 | 1.0 | 28.00 | OK | |||
r-oldrel-macos-x86_64 | 1.0 | 36.00 | OK | |||
r-oldrel-windows-ix86+x86_64 | 1.0 | 5.00 | 47.00 | 52.00 | OK |
Version: 1.0
Check: for non-standard things in the check directory
Result: NOTE
Found the following files/directories:
'HL_H0.pdf' 'pi0infer.pdf' 'rate.txt' 'summary.txt'
Flavors: r-devel-linux-x86_64-debian-clang, r-devel-linux-x86_64-debian-gcc, r-devel-linux-x86_64-fedora-clang, r-devel-linux-x86_64-fedora-gcc, r-patched-linux-x86_64, r-release-linux-x86_64