Last updated on 2022-09-11 12:56:29 CEST.
Flavor | Version | Tinstall | Tcheck | Ttotal | Status | Flags |
---|---|---|---|---|---|---|
r-devel-linux-x86_64-debian-clang | 1.10.6 | 36.94 | 331.71 | 368.65 | NOTE | |
r-devel-linux-x86_64-debian-gcc | 1.10.6 | 30.11 | 243.84 | 273.95 | NOTE | |
r-devel-linux-x86_64-fedora-clang | 1.10.6 | 453.03 | NOTE | |||
r-devel-linux-x86_64-fedora-gcc | 1.10.6 | 444.29 | NOTE | |||
r-devel-windows-x86_64 | 1.10.6 | 40.00 | 321.00 | 361.00 | OK | |
r-patched-linux-x86_64 | 1.10.6 | 31.15 | 314.90 | 346.05 | NOTE | |
r-release-linux-x86_64 | 1.10.6 | 23.73 | 309.54 | 333.27 | NOTE | |
r-release-macos-arm64 | 1.10.6 | 121.00 | OK | |||
r-release-macos-x86_64 | 1.10.6 | 197.00 | OK | |||
r-release-windows-x86_64 | 1.10.6 | 42.00 | 328.00 | 370.00 | OK | |
r-oldrel-macos-arm64 | 1.10.6 | 168.00 | OK | |||
r-oldrel-macos-x86_64 | 1.10.6 | 208.00 | OK | |||
r-oldrel-windows-ix86+x86_64 | 1.10.6 | 83.00 | 414.00 | 497.00 | OK |
Version: 1.10.6
Check: for non-standard things in the check directory
Result: NOTE
Found the following files/directories:
'ExportFigtree1.tre'
Flavors: r-devel-linux-x86_64-debian-clang, r-devel-linux-x86_64-debian-gcc, r-devel-linux-x86_64-fedora-clang, r-devel-linux-x86_64-fedora-gcc, r-patched-linux-x86_64, r-release-linux-x86_64