Last updated on 2022-09-11 12:56:31 CEST.
Flavor | Version | Tinstall | Tcheck | Ttotal | Status | Flags |
---|---|---|---|---|---|---|
r-devel-linux-x86_64-debian-clang | 0.1.1 | 2.16 | 20.46 | 22.62 | NOTE | |
r-devel-linux-x86_64-debian-gcc | 0.1.1 | 1.35 | 16.20 | 17.55 | NOTE | |
r-devel-linux-x86_64-fedora-clang | 0.1.1 | 39.47 | NOTE | |||
r-devel-linux-x86_64-fedora-gcc | 0.1.1 | 37.17 | NOTE | |||
r-devel-windows-x86_64 | 0.1.1 | 13.00 | 145.00 | 158.00 | NOTE | |
r-patched-linux-x86_64 | 0.1.1 | 1.96 | 20.11 | 22.07 | NOTE | |
r-release-linux-x86_64 | 0.1.1 | 1.78 | 20.34 | 22.12 | NOTE | |
r-release-macos-arm64 | 0.1.1 | 12.00 | NOTE | |||
r-release-macos-x86_64 | 0.1.1 | 21.00 | NOTE | |||
r-release-windows-x86_64 | 0.1.1 | 5.00 | 189.00 | 194.00 | NOTE | |
r-oldrel-macos-arm64 | 0.1.1 | 16.00 | NOTE | |||
r-oldrel-macos-x86_64 | 0.1.1 | 24.00 | NOTE | |||
r-oldrel-windows-ix86+x86_64 | 0.1.1 | 4.00 | 30.00 | 34.00 | NOTE |
Version: 0.1.1
Check: LazyData
Result: NOTE
'LazyData' is specified without a 'data' directory
Flavors: r-devel-linux-x86_64-debian-clang, r-devel-linux-x86_64-debian-gcc, r-devel-linux-x86_64-fedora-clang, r-devel-linux-x86_64-fedora-gcc, r-devel-windows-x86_64, r-patched-linux-x86_64, r-release-linux-x86_64, r-release-macos-arm64, r-release-macos-x86_64, r-release-windows-x86_64, r-oldrel-macos-arm64, r-oldrel-macos-x86_64, r-oldrel-windows-ix86+x86_64