Last updated on 2022-09-11 12:56:12 CEST.
Flavor | Version | Tinstall | Tcheck | Ttotal | Status | Flags |
---|---|---|---|---|---|---|
r-devel-linux-x86_64-debian-clang | 1.1-0 | 2.81 | 33.08 | 35.89 | NOTE | |
r-devel-linux-x86_64-debian-gcc | 1.1-0 | 2.55 | 25.51 | 28.06 | NOTE | |
r-devel-linux-x86_64-fedora-clang | 1.1-0 | 53.98 | NOTE | |||
r-devel-linux-x86_64-fedora-gcc | 1.1-0 | 53.02 | NOTE | |||
r-devel-windows-x86_64 | 1.1-0 | 32.00 | 66.00 | 98.00 | NOTE | |
r-patched-linux-x86_64 | 1.1-0 | 3.22 | 31.65 | 34.87 | NOTE | |
r-release-linux-x86_64 | 1.1-0 | 3.33 | 31.17 | 34.50 | NOTE | |
r-release-macos-arm64 | 1.1-0 | 21.00 | NOTE | |||
r-release-macos-x86_64 | 1.1-0 | 26.00 | NOTE | |||
r-release-windows-x86_64 | 1.1-0 | 34.00 | 63.00 | 97.00 | NOTE | |
r-oldrel-macos-arm64 | 1.1-0 | 23.00 | NOTE | |||
r-oldrel-macos-x86_64 | 1.1-0 | 36.00 | NOTE | |||
r-oldrel-windows-ix86+x86_64 | 1.1-0 | 7.00 | 58.00 | 65.00 | NOTE |
Version: 1.1-0
Check: LazyData
Result: NOTE
'LazyData' is specified without a 'data' directory
Flavors: r-devel-linux-x86_64-debian-clang, r-devel-linux-x86_64-debian-gcc, r-devel-linux-x86_64-fedora-clang, r-devel-linux-x86_64-fedora-gcc, r-devel-windows-x86_64, r-patched-linux-x86_64, r-release-linux-x86_64, r-release-macos-arm64, r-release-macos-x86_64, r-release-windows-x86_64, r-oldrel-macos-arm64, r-oldrel-macos-x86_64, r-oldrel-windows-ix86+x86_64