Last updated on 2022-09-11 12:56:12 CEST.
Flavor | Version | Tinstall | Tcheck | Ttotal | Status | Flags |
---|---|---|---|---|---|---|
r-devel-linux-x86_64-debian-clang | 0.1.0 | 2.07 | 375.95 | 378.02 | NOTE | |
r-devel-linux-x86_64-debian-gcc | 0.1.0 | 1.79 | 248.08 | 249.87 | NOTE | |
r-devel-linux-x86_64-fedora-clang | 0.1.0 | 431.95 | NOTE | |||
r-devel-linux-x86_64-fedora-gcc | 0.1.0 | 439.00 | NOTE | |||
r-devel-windows-x86_64 | 0.1.0 | 8.00 | 353.00 | 361.00 | NOTE | |
r-patched-linux-x86_64 | 0.1.0 | 2.18 | 353.93 | 356.11 | NOTE | |
r-release-linux-x86_64 | 0.1.0 | 2.27 | 357.87 | 360.14 | NOTE | |
r-release-macos-arm64 | 0.1.0 | 89.00 | NOTE | |||
r-release-macos-x86_64 | 0.1.0 | 128.00 | NOTE | |||
r-release-windows-x86_64 | 0.1.0 | 13.00 | 367.00 | 380.00 | NOTE | |
r-oldrel-macos-arm64 | 0.1.0 | 104.00 | NOTE | |||
r-oldrel-macos-x86_64 | 0.1.0 | 182.00 | NOTE | |||
r-oldrel-windows-ix86+x86_64 | 0.1.0 | 6.00 | 435.00 | 441.00 | NOTE |
Version: 0.1.0
Check: LazyData
Result: NOTE
'LazyData' is specified without a 'data' directory
Flavors: r-devel-linux-x86_64-debian-clang, r-devel-linux-x86_64-debian-gcc, r-devel-linux-x86_64-fedora-clang, r-devel-linux-x86_64-fedora-gcc, r-devel-windows-x86_64, r-patched-linux-x86_64, r-release-linux-x86_64, r-release-macos-arm64, r-release-macos-x86_64, r-release-windows-x86_64, r-oldrel-macos-arm64, r-oldrel-macos-x86_64, r-oldrel-windows-ix86+x86_64