Last updated on 2022-09-11 12:56:17 CEST.
Flavor | Version | Tinstall | Tcheck | Ttotal | Status | Flags |
---|---|---|---|---|---|---|
r-devel-linux-x86_64-debian-clang | 0.1.0 | 2.93 | 24.75 | 27.68 | NOTE | |
r-devel-linux-x86_64-debian-gcc | 0.1.0 | 2.58 | 19.27 | 21.85 | NOTE | |
r-devel-linux-x86_64-fedora-clang | 0.1.0 | 44.95 | NOTE | |||
r-devel-linux-x86_64-fedora-gcc | 0.1.0 | 45.92 | NOTE | |||
r-devel-windows-x86_64 | 0.1.0 | 20.00 | 58.00 | 78.00 | NOTE | |
r-patched-linux-x86_64 | 0.1.0 | 2.61 | 23.82 | 26.43 | NOTE | |
r-release-linux-x86_64 | 0.1.0 | 3.13 | 23.46 | 26.59 | NOTE | |
r-release-macos-arm64 | 0.1.0 | 16.00 | NOTE | |||
r-release-macos-x86_64 | 0.1.0 | 25.00 | NOTE | |||
r-release-windows-x86_64 | 0.1.0 | 8.00 | 51.00 | 59.00 | NOTE | |
r-oldrel-macos-arm64 | 0.1.0 | 21.00 | NOTE | |||
r-oldrel-macos-x86_64 | 0.1.0 | 29.00 | NOTE | |||
r-oldrel-windows-ix86+x86_64 | 0.1.0 | 9.00 | 33.00 | 42.00 | NOTE |
Version: 0.1.0
Check: LazyData
Result: NOTE
'LazyData' is specified without a 'data' directory
Flavors: r-devel-linux-x86_64-debian-clang, r-devel-linux-x86_64-debian-gcc, r-devel-linux-x86_64-fedora-clang, r-devel-linux-x86_64-fedora-gcc, r-devel-windows-x86_64, r-patched-linux-x86_64, r-release-linux-x86_64, r-release-macos-arm64, r-release-macos-x86_64, r-release-windows-x86_64, r-oldrel-macos-arm64, r-oldrel-macos-x86_64, r-oldrel-windows-ix86+x86_64