Last updated on 2022-09-11 12:56:18 CEST.
Flavor | Version | Tinstall | Tcheck | Ttotal | Status | Flags |
---|---|---|---|---|---|---|
r-devel-linux-x86_64-debian-clang | 0.1.8 | 8.65 | 35.04 | 43.69 | OK | |
r-devel-linux-x86_64-debian-gcc | 0.1.8 | 5.86 | 27.20 | 33.06 | OK | |
r-devel-linux-x86_64-fedora-clang | 0.1.8 | 63.39 | NOTE | |||
r-devel-linux-x86_64-fedora-gcc | 0.1.8 | 62.78 | NOTE | |||
r-devel-windows-x86_64 | 0.1.8 | 32.00 | 67.00 | 99.00 | OK | |
r-patched-linux-x86_64 | 0.1.8 | 7.53 | 33.42 | 40.95 | OK | |
r-release-linux-x86_64 | 0.1.8 | 6.17 | 34.02 | 40.19 | OK | |
r-release-macos-arm64 | 0.1.8 | 25.00 | OK | |||
r-release-macos-x86_64 | 0.1.8 | 36.00 | OK | |||
r-release-windows-x86_64 | 0.1.8 | 40.00 | 60.00 | 100.00 | OK | |
r-oldrel-macos-arm64 | 0.1.8 | 26.00 | OK | |||
r-oldrel-macos-x86_64 | 0.1.8 | 28.00 | OK | |||
r-oldrel-windows-ix86+x86_64 | 0.1.8 | 17.00 | 69.00 | 86.00 | OK |
Version: 0.1.8
Check: compiled code
Result: NOTE
File ‘gausscov/libs/gausscov.so’:
Found no calls to: ‘R_registerRoutines’, ‘R_useDynamicSymbols’
It is good practice to register native routines and to disable symbol
search.
See ‘Writing portable packages’ in the ‘Writing R Extensions’ manual.
Flavors: r-devel-linux-x86_64-fedora-clang, r-devel-linux-x86_64-fedora-gcc