Last updated on 2022-09-11 12:56:18 CEST.
Flavor | Version | Tinstall | Tcheck | Ttotal | Status | Flags |
---|---|---|---|---|---|---|
r-devel-linux-x86_64-debian-clang | 0.1 | 1.97 | 22.72 | 24.69 | NOTE | |
r-devel-linux-x86_64-debian-gcc | 0.1 | 2.08 | 17.66 | 19.74 | NOTE | |
r-devel-linux-x86_64-fedora-clang | 0.1 | 41.51 | NOTE | |||
r-devel-linux-x86_64-fedora-gcc | 0.1 | 40.27 | NOTE | |||
r-devel-windows-x86_64 | 0.1 | 12.00 | 44.00 | 56.00 | NOTE | |
r-patched-linux-x86_64 | 0.1 | 1.99 | 21.64 | 23.63 | NOTE | |
r-release-linux-x86_64 | 0.1 | 2.08 | 22.39 | 24.47 | NOTE | |
r-release-macos-arm64 | 0.1 | 15.00 | NOTE | |||
r-release-macos-x86_64 | 0.1 | 21.00 | NOTE | |||
r-release-windows-x86_64 | 0.1 | 7.00 | 45.00 | 52.00 | NOTE | |
r-oldrel-macos-arm64 | 0.1 | 18.00 | NOTE | |||
r-oldrel-macos-x86_64 | 0.1 | 27.00 | NOTE | |||
r-oldrel-windows-ix86+x86_64 | 0.1 | 5.00 | 23.00 | 28.00 | NOTE |
Version: 0.1
Check: DESCRIPTION meta-information
Result: NOTE
Malformed Description field: should contain one or more complete sentences.
Flavors: r-devel-linux-x86_64-debian-clang, r-devel-linux-x86_64-debian-gcc, r-devel-linux-x86_64-fedora-clang, r-devel-linux-x86_64-fedora-gcc, r-devel-windows-x86_64, r-patched-linux-x86_64, r-release-linux-x86_64, r-release-macos-arm64, r-release-macos-x86_64, r-release-windows-x86_64, r-oldrel-macos-arm64, r-oldrel-macos-x86_64, r-oldrel-windows-ix86+x86_64
Version: 0.1
Check: R code for possible problems
Result: NOTE
Found the following calls to data() loading into the global environment:
File 'geotools/R/zzz.R':
data(fr_geo_rad)
See section 'Good practice' in '?data'.
Flavors: r-devel-linux-x86_64-debian-clang, r-devel-linux-x86_64-debian-gcc, r-devel-linux-x86_64-fedora-clang, r-patched-linux-x86_64, r-release-linux-x86_64