Last updated on 2022-09-11 12:56:19 CEST.
Flavor | Version | Tinstall | Tcheck | Ttotal | Status | Flags |
---|---|---|---|---|---|---|
r-devel-linux-x86_64-debian-clang | 0.1 | 2.93 | 29.22 | 32.15 | NOTE | |
r-devel-linux-x86_64-debian-gcc | 0.1 | 2.61 | 22.40 | 25.01 | NOTE | |
r-devel-linux-x86_64-fedora-clang | 0.1 | 50.10 | NOTE | |||
r-devel-linux-x86_64-fedora-gcc | 0.1 | 49.07 | NOTE | |||
r-devel-windows-x86_64 | 0.1 | 13.00 | 50.00 | 63.00 | NOTE | |
r-patched-linux-x86_64 | 0.1 | 3.75 | 27.00 | 30.75 | NOTE | |
r-release-linux-x86_64 | 0.1 | 3.49 | 27.07 | 30.56 | NOTE | |
r-release-macos-arm64 | 0.1 | 15.00 | NOTE | |||
r-release-macos-x86_64 | 0.1 | 23.00 | NOTE | |||
r-release-windows-x86_64 | 0.1 | 9.00 | 47.00 | 56.00 | NOTE | |
r-oldrel-macos-arm64 | 0.1 | 20.00 | NOTE | |||
r-oldrel-macos-x86_64 | 0.1 | 36.00 | NOTE | |||
r-oldrel-windows-ix86+x86_64 | 0.1 | 7.00 | 30.00 | 37.00 | NOTE |
Version: 0.1
Check: LazyData
Result: NOTE
'LazyData' is specified without a 'data' directory
Flavors: r-devel-linux-x86_64-debian-clang, r-devel-linux-x86_64-debian-gcc, r-devel-linux-x86_64-fedora-clang, r-devel-linux-x86_64-fedora-gcc, r-devel-windows-x86_64, r-patched-linux-x86_64, r-release-linux-x86_64, r-release-macos-arm64, r-release-macos-x86_64, r-release-windows-x86_64, r-oldrel-macos-arm64, r-oldrel-macos-x86_64, r-oldrel-windows-ix86+x86_64