Last updated on 2022-09-11 12:56:20 CEST.
Flavor | Version | Tinstall | Tcheck | Ttotal | Status | Flags |
---|---|---|---|---|---|---|
r-devel-linux-x86_64-debian-clang | 0.15.2 | 11.13 | 54.52 | 65.65 | NOTE | |
r-devel-linux-x86_64-debian-gcc | 0.15.2 | 8.27 | 41.76 | 50.03 | NOTE | |
r-devel-linux-x86_64-fedora-clang | 0.15.2 | 95.46 | NOTE | |||
r-devel-linux-x86_64-fedora-gcc | 0.15.2 | 90.92 | NOTE | |||
r-devel-windows-x86_64 | 0.15.2 | 76.00 | 108.00 | 184.00 | NOTE | |
r-patched-linux-x86_64 | 0.15.2 | 9.78 | 45.38 | 55.16 | OK | |
r-release-linux-x86_64 | 0.15.2 | 9.01 | 52.09 | 61.10 | OK | |
r-release-macos-arm64 | 0.15.2 | 36.00 | OK | |||
r-release-macos-x86_64 | 0.15.2 | 44.00 | OK | |||
r-release-windows-x86_64 | 0.15.2 | 26.00 | 110.00 | 136.00 | OK | |
r-oldrel-macos-arm64 | 0.15.2 | 37.00 | OK | |||
r-oldrel-macos-x86_64 | 0.15.2 | 63.00 | OK | |||
r-oldrel-windows-ix86+x86_64 | 0.15.2 | 27.00 | 68.00 | 95.00 | OK |
Version: 0.15.2
Check: Rd files
Result: NOTE
checkRd: (-1) Intervals-class.Rd:109: Escaped LaTeX specials: \_
checkRd: (-1) Intervals-class.Rd:110: Escaped LaTeX specials: \_
checkRd: (-1) Intervals_virtual-class.Rd:68: Escaped LaTeX specials: \_
checkRd: (-1) Intervals_virtual-class.Rd:76: Escaped LaTeX specials: \_
checkRd: (-1) Intervals_virtual-class.Rd:77: Escaped LaTeX specials: \_
checkRd: (-1) Intervals_virtual-class.Rd:78: Escaped LaTeX specials: \_
checkRd: (-1) Intervals_virtual-class.Rd:79: Escaped LaTeX specials: \_
checkRd: (-1) Intervals_virtual-class.Rd:81: Escaped LaTeX specials: \_
checkRd: (-1) Intervals_virtual-class.Rd:88: Escaped LaTeX specials: \_
checkRd: (-1) Intervals_virtual-class.Rd:89: Escaped LaTeX specials: \_
checkRd: (-1) Intervals_virtual-class.Rd:90: Escaped LaTeX specials: \_
checkRd: (-1) sgd.Rd:12: Escaped LaTeX specials: \_
Flavors: r-devel-linux-x86_64-debian-clang, r-devel-linux-x86_64-debian-gcc, r-devel-linux-x86_64-fedora-clang, r-devel-linux-x86_64-fedora-gcc, r-devel-windows-x86_64