Last updated on 2022-09-11 12:56:25 CEST.
Flavor | Version | Tinstall | Tcheck | Ttotal | Status | Flags |
---|---|---|---|---|---|---|
r-devel-linux-x86_64-debian-clang | 0.1.0 | 1.43 | 20.06 | 21.49 | OK | |
r-devel-linux-x86_64-debian-gcc | 0.1.0 | 1.46 | 16.12 | 17.58 | OK | |
r-devel-linux-x86_64-fedora-clang | 0.1.0 | 37.96 | NOTE | |||
r-devel-linux-x86_64-fedora-gcc | 0.1.0 | 39.63 | NOTE | |||
r-devel-windows-x86_64 | 0.1.0 | 10.00 | 42.00 | 52.00 | OK | |
r-patched-linux-x86_64 | 0.1.0 | 1.56 | 19.89 | 21.45 | OK | |
r-release-linux-x86_64 | 0.1.0 | 1.87 | 19.94 | 21.81 | OK | |
r-release-macos-arm64 | 0.1.0 | 14.00 | NOTE | |||
r-release-macos-x86_64 | 0.1.0 | 20.00 | NOTE | |||
r-release-windows-x86_64 | 0.1.0 | 5.00 | 43.00 | 48.00 | OK | |
r-oldrel-macos-arm64 | 0.1.0 | 17.00 | NOTE | |||
r-oldrel-macos-x86_64 | 0.1.0 | 24.00 | NOTE | |||
r-oldrel-windows-ix86+x86_64 | 0.1.0 | 4.00 | 25.00 | 29.00 | OK |
Version: 0.1.0
Check: data for non-ASCII characters
Result: NOTE
Note: found 150 marked UTF-8 strings
Flavors: r-devel-linux-x86_64-fedora-clang, r-devel-linux-x86_64-fedora-gcc, r-release-macos-arm64, r-release-macos-x86_64, r-oldrel-macos-arm64, r-oldrel-macos-x86_64