Last updated on 2022-09-11 12:56:27 CEST.
Flavor | Version | Tinstall | Tcheck | Ttotal | Status | Flags |
---|---|---|---|---|---|---|
r-devel-linux-x86_64-debian-clang | 1.1.2 | 10.23 | 152.48 | 162.71 | OK | |
r-devel-linux-x86_64-debian-gcc | 1.1.2 | 7.49 | 116.03 | 123.52 | OK | |
r-devel-linux-x86_64-fedora-clang | 1.1.2 | 202.61 | NOTE | |||
r-devel-linux-x86_64-fedora-gcc | 1.1.2 | 199.34 | NOTE | |||
r-devel-windows-x86_64 | 1.1.2 | 38.00 | 176.00 | 214.00 | OK | |
r-patched-linux-x86_64 | 1.1.2 | 8.41 | 145.96 | 154.37 | OK | |
r-release-linux-x86_64 | 1.1.2 | 9.81 | 144.16 | 153.97 | OK | |
r-release-macos-arm64 | 1.1.2 | 63.00 | NOTE | |||
r-release-macos-x86_64 | 1.1.2 | 110.00 | NOTE | |||
r-release-windows-x86_64 | 1.1.2 | 31.00 | 178.00 | 209.00 | OK | |
r-oldrel-macos-arm64 | 1.1.2 | 75.00 | NOTE | |||
r-oldrel-macos-x86_64 | 1.1.2 | 162.00 | NOTE | |||
r-oldrel-windows-ix86+x86_64 | 1.1.2 | 20.00 | 179.00 | 199.00 | OK |
Version: 1.1.2
Check: dependencies in R code
Result: NOTE
Namespace in Imports field not imported from: ‘qtl’
All declared Imports should be used.
Flavors: r-devel-linux-x86_64-fedora-clang, r-devel-linux-x86_64-fedora-gcc, r-release-macos-arm64, r-release-macos-x86_64, r-oldrel-macos-arm64, r-oldrel-macos-x86_64