Last updated on 2022-09-11 12:56:27 CEST.
Flavor | Version | Tinstall | Tcheck | Ttotal | Status | Flags |
---|---|---|---|---|---|---|
r-devel-linux-x86_64-debian-clang | 1.1.1 | 155.91 | 122.22 | 278.13 | OK | |
r-devel-linux-x86_64-debian-gcc | 1.1.1 | 134.30 | 89.46 | 223.76 | OK | |
r-devel-linux-x86_64-fedora-clang | 1.1.1 | 385.91 | OK | |||
r-devel-linux-x86_64-fedora-gcc | 1.1.1 | 375.85 | OK | |||
r-devel-windows-x86_64 | 1.1.1 | 117.00 | 158.00 | 275.00 | OK | |
r-patched-linux-x86_64 | 1.1.1 | 128.31 | 111.75 | 240.06 | OK | |
r-release-linux-x86_64 | 1.1.1 | 104.34 | 112.79 | 217.13 | OK | |
r-release-macos-arm64 | 1.1.1 | 86.00 | NOTE | |||
r-release-macos-x86_64 | 1.1.1 | 142.00 | NOTE | |||
r-release-windows-x86_64 | 1.1.1 | 130.00 | 158.00 | 288.00 | OK | |
r-oldrel-macos-arm64 | 1.1.1 | 98.00 | NOTE | |||
r-oldrel-macos-x86_64 | 1.1.1 | 166.00 | NOTE | |||
r-oldrel-windows-ix86+x86_64 | 1.1.1 | 398.00 | 187.00 | 585.00 | OK |
Version: 1.1.1
Check: installed package size
Result: NOTE
installed size is 7.0Mb
sub-directories of 1Mb or more:
libs 6.8Mb
Flavors: r-release-macos-arm64, r-release-macos-x86_64, r-oldrel-macos-arm64, r-oldrel-macos-x86_64