Last updated on 2022-09-11 12:56:28 CEST.
Flavor | Version | Tinstall | Tcheck | Ttotal | Status | Flags |
---|---|---|---|---|---|---|
r-devel-linux-x86_64-debian-clang | 2.2.1-7 | 32.66 | 245.86 | 278.52 | NOTE | |
r-devel-linux-x86_64-debian-gcc | 2.2.1-7 | 24.58 | 180.86 | 205.44 | NOTE | |
r-devel-linux-x86_64-fedora-clang | 2.2.1-7 | 362.17 | NOTE | |||
r-devel-linux-x86_64-fedora-gcc | 2.2.1-7 | 400.63 | NOTE | |||
r-devel-windows-x86_64 | 2.2.1-7 | 77.00 | 97.00 | 174.00 | NOTE | --no-examples --no-tests --no-vignettes |
r-patched-linux-x86_64 | 2.2.1-7 | 28.68 | 237.73 | 266.41 | OK | |
r-release-linux-x86_64 | 2.2.1-7 | 28.66 | 239.48 | 268.14 | OK | |
r-release-macos-arm64 | 2.2.1-7 | 188.00 | OK | |||
r-release-macos-x86_64 | 2.2.1-7 | 177.00 | NOTE | |||
r-release-windows-x86_64 | 2.2.1-7 | 70.00 | 92.00 | 162.00 | OK | --no-examples --no-tests --no-vignettes |
r-oldrel-macos-arm64 | 2.2.1-7 | 201.00 | OK | |||
r-oldrel-macos-x86_64 | 2.2.1-7 | 256.00 | OK | |||
r-oldrel-windows-ix86+x86_64 | 2.2.1-7 | 73.00 | 111.00 | 184.00 | OK | --no-examples --no-tests --no-vignettes |
Version: 2.2.1-7
Check: Rd files
Result: NOTE
checkRd: (-1) run.jags.study.Rd:67: Escaped LaTeX specials: \$
Flavors: r-devel-linux-x86_64-debian-clang, r-devel-linux-x86_64-debian-gcc, r-devel-linux-x86_64-fedora-clang, r-devel-linux-x86_64-fedora-gcc
Version: 2.2.1-7
Flags: --no-examples --no-tests --no-vignettes
Check: Rd files
Result: NOTE
checkRd: (-1) run.jags.study.Rd:67: Escaped LaTeX specials: \$
Flavor: r-devel-windows-x86_64
Version: 2.2.1-7
Check: package dependencies
Result: NOTE
Package suggested but not available for checking: ‘rjags’
Flavor: r-release-macos-x86_64
Version: 2.2.1-7
Check: Rd cross-references
Result: NOTE
Package unavailable to check Rd xrefs: ‘rjags’
Flavor: r-release-macos-x86_64