Last updated on 2022-09-11 12:56:28 CEST.
Flavor | Version | Tinstall | Tcheck | Ttotal | Status | Flags |
---|---|---|---|---|---|---|
r-devel-linux-x86_64-debian-clang | 1.0.2 | 3.13 | 34.40 | 37.53 | NOTE | |
r-devel-linux-x86_64-debian-gcc | 1.0.2 | 2.87 | 25.94 | 28.81 | NOTE | |
r-devel-linux-x86_64-fedora-clang | 1.0.2 | 55.77 | NOTE | |||
r-devel-linux-x86_64-fedora-gcc | 1.0.2 | 54.57 | NOTE | |||
r-devel-windows-x86_64 | 1.0.2 | 10.00 | 122.00 | 132.00 | NOTE | |
r-patched-linux-x86_64 | 1.0.2 | 4.00 | 32.63 | 36.63 | OK | |
r-release-linux-x86_64 | 1.0.2 | 2.77 | 31.41 | 34.18 | OK | |
r-release-macos-arm64 | 1.0.2 | 15.00 | OK | |||
r-release-macos-x86_64 | 1.0.2 | 27.00 | OK | |||
r-release-windows-x86_64 | 1.0.2 | 8.00 | 58.00 | 66.00 | OK | |
r-oldrel-macos-arm64 | 1.0.2 | 23.00 | OK | |||
r-oldrel-macos-x86_64 | 1.0.2 | 31.00 | OK | |||
r-oldrel-windows-ix86+x86_64 | 1.0.2 | 9.00 | 33.00 | 42.00 | OK |
Version: 1.0.2
Check: Rd files
Result: NOTE
checkRd: (-1) BootsChapt.Rd:38: Escaped LaTeX specials: \&
checkRd: (-1) SemiparChangePoint.Rd:30: Escaped LaTeX specials: \&
checkRd: (-1) schapt.Rd:44: Escaped LaTeX specials: \&
Flavors: r-devel-linux-x86_64-debian-clang, r-devel-linux-x86_64-debian-gcc, r-devel-linux-x86_64-fedora-clang, r-devel-linux-x86_64-fedora-gcc, r-devel-windows-x86_64